{"id":50,"date":"2017-10-18T02:12:54","date_gmt":"2017-10-18T02:12:54","guid":{"rendered":"http:\/\/smirna.cl\/wordpress\/?page_id=50"},"modified":"2023-10-18T13:11:39","modified_gmt":"2023-10-18T16:11:39","slug":"contacto","status":"publish","type":"page","link":"https:\/\/smirna.cl\/wordpress\/contacto\/","title":{"rendered":"Contacto"},"content":{"rendered":"<div id=\"error\">\n\n<\/div>\n<p>IMPORTANTE:<\/p>\n<p>Durante la pandemia estaremos realizando nuestros servicios en l\u00ednea mediante Facebook Live.<\/p>\n<p>Le recomendamos suscribirse a nuestros canales de <a href=\"https:\/\/www.youtube.com\/channel\/UCNLg72edfDxAGpMGOHgxXMA\">Youtube<\/a> y <a href=\"https:\/\/www.facebook.com\/iglesiasmirna\">Facebook<\/a> para recibir las alertas de nuestros servicios oportunamente.<\/p>\n<p><a href=\"https:\/\/www.facebook.com\/iglesiasmirna\"><img loading=\"lazy\" decoding=\"async\" class=\"alignnone wp-image-2992\" src=\"http:\/\/smirna.cl\/wordpress\/wp-content\/uploads\/2022\/03\/facebook-1-758x768.png\" alt=\"\" width=\"71\" height=\"72\" srcset=\"https:\/\/smirna.cl\/wordpress\/wp-content\/uploads\/2022\/03\/facebook-1-758x768.png 758w, https:\/\/smirna.cl\/wordpress\/wp-content\/uploads\/2022\/03\/facebook-1-296x300.png 296w, https:\/\/smirna.cl\/wordpress\/wp-content\/uploads\/2022\/03\/facebook-1-150x150.png 150w, https:\/\/smirna.cl\/wordpress\/wp-content\/uploads\/2022\/03\/facebook-1-768x779.png 768w, https:\/\/smirna.cl\/wordpress\/wp-content\/uploads\/2022\/03\/facebook-1.png 1157w\" sizes=\"auto, (max-width: 71px) 100vw, 71px\" \/> (Noticias, novedades, cultos en l\u00ednea, himnos)<\/a><\/p>\n<p><a href=\"https:\/\/www.youtube.com\/channel\/UCNLg72edfDxAGpMGOHgxXMA\"><img loading=\"lazy\" decoding=\"async\" class=\"alignnone wp-image-2991\" src=\"http:\/\/smirna.cl\/wordpress\/wp-content\/uploads\/2022\/03\/youtube2.jpg\" alt=\"\" width=\"71\" height=\"53\" srcset=\"https:\/\/smirna.cl\/wordpress\/wp-content\/uploads\/2022\/03\/youtube2.jpg 576w, https:\/\/smirna.cl\/wordpress\/wp-content\/uploads\/2022\/03\/youtube2-300x225.jpg 300w\" sizes=\"auto, (max-width: 71px) 100vw, 71px\" \/> (Cultos en l\u00ednea, meditaciones, mensajes, himnos)<\/a><\/p>\n<p><img loading=\"lazy\" decoding=\"async\" class=\"\" src=\"https:\/\/upload.wikimedia.org\/wikipedia\/commons\/thumb\/e\/e7\/Instagram_logo_2016.svg\/132px-Instagram_logo_2016.svg.png\" alt=\"Archivo:Instagram logo 2016.svg\" width=\"70\" height=\"70\" \/><a href=\"https:\/\/www.facebook.com\/iglesiasmirna\"> (Noticias, novedades, vers\u00edculos, mensajes de aliento)<\/a><\/p>\n<div id=\"error\">\n<table class=\"tabla\" style=\"height: 323px;\" width=\"446\">\n<tbody>\n<tr>\n<th>\n<h3 style=\"text-align: center;\">REUNIONES<\/h3>\n<pre style=\"text-align: center;\">Mi\u00e9rcoles - 19:30 hrs. (virtual)\r\nDomingo - 10:30 y 18:00 hrs. (presencial)\r\n\r\nCatedral #4474, Quinta Normal\r\nRM Santiago, Chile<\/pre>\n<p style=\"text-align: center;\">\u00a1Le esperamos!<\/p>\n<p style=\"text-align: center;\"><a href=\"mailto:iglesia@smirna.cl\">iglesia@smirna.cl<\/a><\/p>\n<\/th>\n<\/tr>\n<\/tbody>\n<\/table>\n<\/div>\n","protected":false},"excerpt":{"rendered":"<p>IMPORTANTE: Durante la pandemia estaremos realizando nuestros servicios en l\u00ednea mediante Facebook Live. Le recomendamos suscribirse a nuestros canales de Youtube y Facebook para recibir las alertas de nuestros servicios oportunamente. (Noticias, novedades, cultos en l\u00ednea, himnos) (Cultos en l\u00ednea, meditaciones, mensajes, himnos) (Noticias, novedades, vers\u00edculos, mensajes de aliento) REUNIONES Mi\u00e9rcoles &#8211; 19:30 hrs. (virtual) [&hellip;]<\/p>\n","protected":false},"author":1,"featured_media":0,"parent":0,"menu_order":0,"comment_status":"closed","ping_status":"closed","template":"","meta":{"_monsterinsights_skip_tracking":false,"_monsterinsights_sitenote_active":false,"_monsterinsights_sitenote_note":"","_monsterinsights_sitenote_category":0,"__cvm_playback_settings":[],"__cvm_video_id":"","footnotes":""},"class_list":["post-50","page","type-page","status-publish","hentry"],"yoast_head":"<!-- This site is optimized with the Yoast SEO plugin v27.5 - https:\/\/yoast.com\/product\/yoast-seo-wordpress\/ -->\n<title>Contacto - Iglesia Smirna<\/title>\n<meta name=\"description\" content=\"C\u00f3mo ponerse en contacto con Iglesia Smirna, c\u00f3mo llegar y nuestros horarios.\" \/>\n<meta name=\"robots\" content=\"index, follow, max-snippet:-1, max-image-preview:large, max-video-preview:-1\" \/>\n<link rel=\"canonical\" href=\"https:\/\/smirna.cl\/wordpress\/contacto\/\" \/>\n<meta property=\"og:locale\" content=\"es_ES\" \/>\n<meta property=\"og:type\" content=\"article\" \/>\n<meta property=\"og:title\" content=\"Contacto - Iglesia Smirna\" \/>\n<meta property=\"og:description\" content=\"C\u00f3mo ponerse en contacto con Iglesia Smirna, c\u00f3mo llegar y nuestros horarios.\" \/>\n<meta property=\"og:url\" content=\"https:\/\/smirna.cl\/wordpress\/contacto\/\" \/>\n<meta property=\"og:site_name\" content=\"Iglesia Smirna\" \/>\n<meta property=\"article:publisher\" content=\"http:\/\/www.facebook.com\/iglesiasmirna\/\" \/>\n<meta property=\"article:modified_time\" content=\"2023-10-18T16:11:39+00:00\" \/>\n<meta property=\"og:image\" content=\"http:\/\/smirna.cl\/wordpress\/wp-content\/uploads\/2022\/03\/facebook-1-758x768.png\" \/>\n<meta name=\"twitter:label1\" content=\"Tiempo de lectura\" \/>\n\t<meta name=\"twitter:data1\" content=\"1 minuto\" \/>\n<script type=\"application\/ld+json\" class=\"yoast-schema-graph\">{\"@context\":\"https:\\\/\\\/schema.org\",\"@graph\":[{\"@type\":\"WebPage\",\"@id\":\"https:\\\/\\\/smirna.cl\\\/wordpress\\\/contacto\\\/\",\"url\":\"https:\\\/\\\/smirna.cl\\\/wordpress\\\/contacto\\\/\",\"name\":\"Contacto - Iglesia Smirna\",\"isPartOf\":{\"@id\":\"https:\\\/\\\/smirna.cl\\\/wordpress\\\/#website\"},\"primaryImageOfPage\":{\"@id\":\"https:\\\/\\\/smirna.cl\\\/wordpress\\\/contacto\\\/#primaryimage\"},\"image\":{\"@id\":\"https:\\\/\\\/smirna.cl\\\/wordpress\\\/contacto\\\/#primaryimage\"},\"thumbnailUrl\":\"http:\\\/\\\/smirna.cl\\\/wordpress\\\/wp-content\\\/uploads\\\/2022\\\/03\\\/facebook-1-758x768.png\",\"datePublished\":\"2017-10-18T02:12:54+00:00\",\"dateModified\":\"2023-10-18T16:11:39+00:00\",\"description\":\"C\u00f3mo ponerse en contacto con Iglesia Smirna, c\u00f3mo llegar y nuestros horarios.\",\"breadcrumb\":{\"@id\":\"https:\\\/\\\/smirna.cl\\\/wordpress\\\/contacto\\\/#breadcrumb\"},\"inLanguage\":\"es\",\"potentialAction\":[{\"@type\":\"ReadAction\",\"target\":[\"https:\\\/\\\/smirna.cl\\\/wordpress\\\/contacto\\\/\"]}]},{\"@type\":\"ImageObject\",\"inLanguage\":\"es\",\"@id\":\"https:\\\/\\\/smirna.cl\\\/wordpress\\\/contacto\\\/#primaryimage\",\"url\":\"https:\\\/\\\/smirna.cl\\\/wordpress\\\/wp-content\\\/uploads\\\/2022\\\/03\\\/facebook-1.png\",\"contentUrl\":\"https:\\\/\\\/smirna.cl\\\/wordpress\\\/wp-content\\\/uploads\\\/2022\\\/03\\\/facebook-1.png\",\"width\":1157,\"height\":1173},{\"@type\":\"BreadcrumbList\",\"@id\":\"https:\\\/\\\/smirna.cl\\\/wordpress\\\/contacto\\\/#breadcrumb\",\"itemListElement\":[{\"@type\":\"ListItem\",\"position\":1,\"name\":\"Home\",\"item\":\"https:\\\/\\\/smirna.cl\\\/wordpress\\\/\"},{\"@type\":\"ListItem\",\"position\":2,\"name\":\"Contacto\"}]},{\"@type\":\"WebSite\",\"@id\":\"https:\\\/\\\/smirna.cl\\\/wordpress\\\/#website\",\"url\":\"https:\\\/\\\/smirna.cl\\\/wordpress\\\/\",\"name\":\"Iglesia Smirna\",\"description\":\"Iglesia Smirna\",\"publisher\":{\"@id\":\"https:\\\/\\\/smirna.cl\\\/wordpress\\\/#organization\"},\"potentialAction\":[{\"@type\":\"SearchAction\",\"target\":{\"@type\":\"EntryPoint\",\"urlTemplate\":\"https:\\\/\\\/smirna.cl\\\/wordpress\\\/?s={search_term_string}\"},\"query-input\":{\"@type\":\"PropertyValueSpecification\",\"valueRequired\":true,\"valueName\":\"search_term_string\"}}],\"inLanguage\":\"es\"},{\"@type\":\"Organization\",\"@id\":\"https:\\\/\\\/smirna.cl\\\/wordpress\\\/#organization\",\"name\":\"Iglesia Smirna\",\"url\":\"https:\\\/\\\/smirna.cl\\\/wordpress\\\/\",\"logo\":{\"@type\":\"ImageObject\",\"inLanguage\":\"es\",\"@id\":\"https:\\\/\\\/smirna.cl\\\/wordpress\\\/#\\\/schema\\\/logo\\\/image\\\/\",\"url\":\"http:\\\/\\\/smirna.cl\\\/wordpress\\\/wp-content\\\/uploads\\\/2017\\\/11\\\/logo-1.jpg\",\"contentUrl\":\"http:\\\/\\\/smirna.cl\\\/wordpress\\\/wp-content\\\/uploads\\\/2017\\\/11\\\/logo-1.jpg\",\"width\":65,\"height\":72,\"caption\":\"Iglesia Smirna\"},\"image\":{\"@id\":\"https:\\\/\\\/smirna.cl\\\/wordpress\\\/#\\\/schema\\\/logo\\\/image\\\/\"},\"sameAs\":[\"http:\\\/\\\/www.facebook.com\\\/iglesiasmirna\\\/\",\"https:\\\/\\\/www.youtube.com\\\/channel\\\/UCNLg72edfDxAGpMGOHgxXMA\"]}]}<\/script>\n<!-- \/ Yoast SEO plugin. -->","yoast_head_json":{"title":"Contacto - Iglesia Smirna","description":"C\u00f3mo ponerse en contacto con Iglesia Smirna, c\u00f3mo llegar y nuestros horarios.","robots":{"index":"index","follow":"follow","max-snippet":"max-snippet:-1","max-image-preview":"max-image-preview:large","max-video-preview":"max-video-preview:-1"},"canonical":"https:\/\/smirna.cl\/wordpress\/contacto\/","og_locale":"es_ES","og_type":"article","og_title":"Contacto - Iglesia Smirna","og_description":"C\u00f3mo ponerse en contacto con Iglesia Smirna, c\u00f3mo llegar y nuestros horarios.","og_url":"https:\/\/smirna.cl\/wordpress\/contacto\/","og_site_name":"Iglesia Smirna","article_publisher":"http:\/\/www.facebook.com\/iglesiasmirna\/","article_modified_time":"2023-10-18T16:11:39+00:00","og_image":[{"url":"http:\/\/smirna.cl\/wordpress\/wp-content\/uploads\/2022\/03\/facebook-1-758x768.png","type":"","width":"","height":""}],"twitter_misc":{"Tiempo de lectura":"1 minuto"},"schema":{"@context":"https:\/\/schema.org","@graph":[{"@type":"WebPage","@id":"https:\/\/smirna.cl\/wordpress\/contacto\/","url":"https:\/\/smirna.cl\/wordpress\/contacto\/","name":"Contacto - Iglesia Smirna","isPartOf":{"@id":"https:\/\/smirna.cl\/wordpress\/#website"},"primaryImageOfPage":{"@id":"https:\/\/smirna.cl\/wordpress\/contacto\/#primaryimage"},"image":{"@id":"https:\/\/smirna.cl\/wordpress\/contacto\/#primaryimage"},"thumbnailUrl":"http:\/\/smirna.cl\/wordpress\/wp-content\/uploads\/2022\/03\/facebook-1-758x768.png","datePublished":"2017-10-18T02:12:54+00:00","dateModified":"2023-10-18T16:11:39+00:00","description":"C\u00f3mo ponerse en contacto con Iglesia Smirna, c\u00f3mo llegar y nuestros horarios.","breadcrumb":{"@id":"https:\/\/smirna.cl\/wordpress\/contacto\/#breadcrumb"},"inLanguage":"es","potentialAction":[{"@type":"ReadAction","target":["https:\/\/smirna.cl\/wordpress\/contacto\/"]}]},{"@type":"ImageObject","inLanguage":"es","@id":"https:\/\/smirna.cl\/wordpress\/contacto\/#primaryimage","url":"https:\/\/smirna.cl\/wordpress\/wp-content\/uploads\/2022\/03\/facebook-1.png","contentUrl":"https:\/\/smirna.cl\/wordpress\/wp-content\/uploads\/2022\/03\/facebook-1.png","width":1157,"height":1173},{"@type":"BreadcrumbList","@id":"https:\/\/smirna.cl\/wordpress\/contacto\/#breadcrumb","itemListElement":[{"@type":"ListItem","position":1,"name":"Home","item":"https:\/\/smirna.cl\/wordpress\/"},{"@type":"ListItem","position":2,"name":"Contacto"}]},{"@type":"WebSite","@id":"https:\/\/smirna.cl\/wordpress\/#website","url":"https:\/\/smirna.cl\/wordpress\/","name":"Iglesia Smirna","description":"Iglesia Smirna","publisher":{"@id":"https:\/\/smirna.cl\/wordpress\/#organization"},"potentialAction":[{"@type":"SearchAction","target":{"@type":"EntryPoint","urlTemplate":"https:\/\/smirna.cl\/wordpress\/?s={search_term_string}"},"query-input":{"@type":"PropertyValueSpecification","valueRequired":true,"valueName":"search_term_string"}}],"inLanguage":"es"},{"@type":"Organization","@id":"https:\/\/smirna.cl\/wordpress\/#organization","name":"Iglesia Smirna","url":"https:\/\/smirna.cl\/wordpress\/","logo":{"@type":"ImageObject","inLanguage":"es","@id":"https:\/\/smirna.cl\/wordpress\/#\/schema\/logo\/image\/","url":"http:\/\/smirna.cl\/wordpress\/wp-content\/uploads\/2017\/11\/logo-1.jpg","contentUrl":"http:\/\/smirna.cl\/wordpress\/wp-content\/uploads\/2017\/11\/logo-1.jpg","width":65,"height":72,"caption":"Iglesia Smirna"},"image":{"@id":"https:\/\/smirna.cl\/wordpress\/#\/schema\/logo\/image\/"},"sameAs":["http:\/\/www.facebook.com\/iglesiasmirna\/","https:\/\/www.youtube.com\/channel\/UCNLg72edfDxAGpMGOHgxXMA"]}]}},"_links":{"self":[{"href":"https:\/\/smirna.cl\/wordpress\/wp-json\/wp\/v2\/pages\/50","targetHints":{"allow":["GET"]}}],"collection":[{"href":"https:\/\/smirna.cl\/wordpress\/wp-json\/wp\/v2\/pages"}],"about":[{"href":"https:\/\/smirna.cl\/wordpress\/wp-json\/wp\/v2\/types\/page"}],"author":[{"embeddable":true,"href":"https:\/\/smirna.cl\/wordpress\/wp-json\/wp\/v2\/users\/1"}],"replies":[{"embeddable":true,"href":"https:\/\/smirna.cl\/wordpress\/wp-json\/wp\/v2\/comments?post=50"}],"version-history":[{"count":8,"href":"https:\/\/smirna.cl\/wordpress\/wp-json\/wp\/v2\/pages\/50\/revisions"}],"predecessor-version":[{"id":3286,"href":"https:\/\/smirna.cl\/wordpress\/wp-json\/wp\/v2\/pages\/50\/revisions\/3286"}],"wp:attachment":[{"href":"https:\/\/smirna.cl\/wordpress\/wp-json\/wp\/v2\/media?parent=50"}],"curies":[{"name":"wp","href":"https:\/\/api.w.org\/{rel}","templated":true}]}}