{"id":272,"date":"2017-11-23T20:59:33","date_gmt":"2017-11-23T23:59:33","guid":{"rendered":"http:\/\/smirna.cl\/wordpress\/?page_id=272"},"modified":"2024-08-19T19:13:59","modified_gmt":"2024-08-19T23:13:59","slug":"organizaciones-relacionadas","status":"publish","type":"page","link":"https:\/\/smirna.cl\/wordpress\/organizaciones-relacionadas\/","title":{"rendered":"Organizaciones relacionadas"},"content":{"rendered":"<p style=\"text-align: left;\">Smirna es parte de las siguientes organizaciones dedicadas a la defensa de la fe:<\/p>\n<p><a style=\"display: inline !important;\" href=\"https:\/\/smirna.cl\/wordpress\/otras-iglesias-en-chile\/\"><img loading=\"lazy\" decoding=\"async\" class=\"wp-image-311\" title=\"Presbiterio Fundamentalista B\u00edblico\" src=\"http:\/\/smirna.cl\/wordpress\/wp-content\/uploads\/2017\/11\/Logo_IPFB-aprobado-por-Presbiterio-general-2017-294x300.png\" alt=\"Presbiterio Fundamentalista B\u00edblico\" width=\"227\" height=\"231\" srcset=\"https:\/\/smirna.cl\/wordpress\/wp-content\/uploads\/2017\/11\/Logo_IPFB-aprobado-por-Presbiterio-general-2017-294x300.png 294w, https:\/\/smirna.cl\/wordpress\/wp-content\/uploads\/2017\/11\/Logo_IPFB-aprobado-por-Presbiterio-general-2017-768x783.png 768w, https:\/\/smirna.cl\/wordpress\/wp-content\/uploads\/2017\/11\/Logo_IPFB-aprobado-por-Presbiterio-general-2017-1004x1024.png 1004w\" sizes=\"auto, (max-width: 227px) 100vw, 227px\" \/><\/a><\/p>\n<p>Presbiterio Fundamentalista B\u00edblico<\/p>\n<p><img loading=\"lazy\" decoding=\"async\" class=\"wp-image-3361 alignnone\" src=\"http:\/\/smirna.cl\/wordpress\/wp-content\/uploads\/2024\/08\/cief.jpg\" alt=\"\" width=\"269\" height=\"110\" \/><\/p>\n<p>Confederaci\u00f3n de Iglesias Evang\u00e9licas Fundamentalistas<\/p>\n<figure id=\"attachment_317\" aria-describedby=\"caption-attachment-317\" style=\"width: 294px\" class=\"wp-caption alignnone\"><img loading=\"lazy\" decoding=\"async\" class=\"wp-image-317\" style=\"color: initial;\" title=\"Alianza Latinoamericana de Iglesias Cristianas\" src=\"http:\/\/smirna.cl\/wordpress\/wp-content\/uploads\/2017\/11\/Aladic.jpg\" alt=\"Alianza Latinoamericana de Iglesias Cristianas\" width=\"294\" height=\"143\" srcset=\"https:\/\/smirna.cl\/wordpress\/wp-content\/uploads\/2017\/11\/Aladic.jpg 307w, https:\/\/smirna.cl\/wordpress\/wp-content\/uploads\/2017\/11\/Aladic-300x146.jpg 300w\" sizes=\"auto, (max-width: 294px) 100vw, 294px\" \/><figcaption id=\"caption-attachment-317\" class=\"wp-caption-text\">Alianza Latinoamericana de Iglesias Cristianas<\/figcaption><\/figure>\n<figure id=\"attachment_310\" aria-describedby=\"caption-attachment-310\" style=\"width: 282px\" class=\"wp-caption alignleft\"><a href=\"https:\/\/iccc-churches.org\/\"><img loading=\"lazy\" decoding=\"async\" class=\"wp-image-310\" title=\"Concilio Internacional de Iglesias Cristianas\" src=\"http:\/\/smirna.cl\/wordpress\/wp-content\/uploads\/2017\/11\/iccclogo.jpg\" alt=\"Concilio Internacional de Iglesias Cristianas\" width=\"282\" height=\"176\" \/><\/a><figcaption id=\"caption-attachment-310\" class=\"wp-caption-text\">Concilio Internacional de Iglesias Cristianas\u00a0<\/figcaption><\/figure>\n","protected":false},"excerpt":{"rendered":"<p>Smirna es parte de las siguientes organizaciones dedicadas a la defensa de la fe: Presbiterio Fundamentalista B\u00edblico Confederaci\u00f3n de Iglesias Evang\u00e9licas Fundamentalistas<\/p>\n","protected":false},"author":1,"featured_media":0,"parent":0,"menu_order":0,"comment_status":"closed","ping_status":"closed","template":"","meta":{"_monsterinsights_skip_tracking":false,"_monsterinsights_sitenote_active":false,"_monsterinsights_sitenote_note":"","_monsterinsights_sitenote_category":0,"__cvm_playback_settings":[],"__cvm_video_id":"","footnotes":""},"class_list":["post-272","page","type-page","status-publish","hentry"],"yoast_head":"<!-- This site is optimized with the Yoast SEO plugin v27.5 - https:\/\/yoast.com\/product\/yoast-seo-wordpress\/ -->\n<title>Organizaciones relacionadas - Iglesia Smirna<\/title>\n<meta name=\"robots\" content=\"index, follow, max-snippet:-1, max-image-preview:large, max-video-preview:-1\" \/>\n<link rel=\"canonical\" href=\"https:\/\/smirna.cl\/wordpress\/organizaciones-relacionadas\/\" \/>\n<meta property=\"og:locale\" content=\"es_ES\" \/>\n<meta property=\"og:type\" content=\"article\" \/>\n<meta property=\"og:title\" content=\"Organizaciones relacionadas - Iglesia Smirna\" \/>\n<meta property=\"og:description\" content=\"Smirna es parte de las siguientes organizaciones dedicadas a la defensa de la fe: Presbiterio Fundamentalista B\u00edblico Confederaci\u00f3n de Iglesias Evang\u00e9licas Fundamentalistas\" \/>\n<meta property=\"og:url\" content=\"https:\/\/smirna.cl\/wordpress\/organizaciones-relacionadas\/\" \/>\n<meta property=\"og:site_name\" content=\"Iglesia Smirna\" \/>\n<meta property=\"article:publisher\" content=\"http:\/\/www.facebook.com\/iglesiasmirna\/\" \/>\n<meta property=\"article:modified_time\" content=\"2024-08-19T23:13:59+00:00\" \/>\n<meta property=\"og:image\" content=\"http:\/\/smirna.cl\/wordpress\/wp-content\/uploads\/2017\/11\/Logo_IPFB-aprobado-por-Presbiterio-general-2017-294x300.png\" \/>\n<meta name=\"twitter:label1\" content=\"Tiempo de lectura\" \/>\n\t<meta name=\"twitter:data1\" content=\"1 minuto\" \/>\n<script type=\"application\/ld+json\" class=\"yoast-schema-graph\">{\"@context\":\"https:\\\/\\\/schema.org\",\"@graph\":[{\"@type\":\"WebPage\",\"@id\":\"https:\\\/\\\/smirna.cl\\\/wordpress\\\/organizaciones-relacionadas\\\/\",\"url\":\"https:\\\/\\\/smirna.cl\\\/wordpress\\\/organizaciones-relacionadas\\\/\",\"name\":\"Organizaciones relacionadas - Iglesia Smirna\",\"isPartOf\":{\"@id\":\"https:\\\/\\\/smirna.cl\\\/wordpress\\\/#website\"},\"primaryImageOfPage\":{\"@id\":\"https:\\\/\\\/smirna.cl\\\/wordpress\\\/organizaciones-relacionadas\\\/#primaryimage\"},\"image\":{\"@id\":\"https:\\\/\\\/smirna.cl\\\/wordpress\\\/organizaciones-relacionadas\\\/#primaryimage\"},\"thumbnailUrl\":\"http:\\\/\\\/smirna.cl\\\/wordpress\\\/wp-content\\\/uploads\\\/2017\\\/11\\\/Logo_IPFB-aprobado-por-Presbiterio-general-2017-294x300.png\",\"datePublished\":\"2017-11-23T23:59:33+00:00\",\"dateModified\":\"2024-08-19T23:13:59+00:00\",\"breadcrumb\":{\"@id\":\"https:\\\/\\\/smirna.cl\\\/wordpress\\\/organizaciones-relacionadas\\\/#breadcrumb\"},\"inLanguage\":\"es\",\"potentialAction\":[{\"@type\":\"ReadAction\",\"target\":[\"https:\\\/\\\/smirna.cl\\\/wordpress\\\/organizaciones-relacionadas\\\/\"]}]},{\"@type\":\"ImageObject\",\"inLanguage\":\"es\",\"@id\":\"https:\\\/\\\/smirna.cl\\\/wordpress\\\/organizaciones-relacionadas\\\/#primaryimage\",\"url\":\"https:\\\/\\\/smirna.cl\\\/wordpress\\\/wp-content\\\/uploads\\\/2017\\\/11\\\/Logo_IPFB-aprobado-por-Presbiterio-general-2017.png\",\"contentUrl\":\"https:\\\/\\\/smirna.cl\\\/wordpress\\\/wp-content\\\/uploads\\\/2017\\\/11\\\/Logo_IPFB-aprobado-por-Presbiterio-general-2017.png\",\"width\":2550,\"height\":2600},{\"@type\":\"BreadcrumbList\",\"@id\":\"https:\\\/\\\/smirna.cl\\\/wordpress\\\/organizaciones-relacionadas\\\/#breadcrumb\",\"itemListElement\":[{\"@type\":\"ListItem\",\"position\":1,\"name\":\"Home\",\"item\":\"https:\\\/\\\/smirna.cl\\\/wordpress\\\/\"},{\"@type\":\"ListItem\",\"position\":2,\"name\":\"Organizaciones relacionadas\"}]},{\"@type\":\"WebSite\",\"@id\":\"https:\\\/\\\/smirna.cl\\\/wordpress\\\/#website\",\"url\":\"https:\\\/\\\/smirna.cl\\\/wordpress\\\/\",\"name\":\"Iglesia Smirna\",\"description\":\"Iglesia Smirna\",\"publisher\":{\"@id\":\"https:\\\/\\\/smirna.cl\\\/wordpress\\\/#organization\"},\"potentialAction\":[{\"@type\":\"SearchAction\",\"target\":{\"@type\":\"EntryPoint\",\"urlTemplate\":\"https:\\\/\\\/smirna.cl\\\/wordpress\\\/?s={search_term_string}\"},\"query-input\":{\"@type\":\"PropertyValueSpecification\",\"valueRequired\":true,\"valueName\":\"search_term_string\"}}],\"inLanguage\":\"es\"},{\"@type\":\"Organization\",\"@id\":\"https:\\\/\\\/smirna.cl\\\/wordpress\\\/#organization\",\"name\":\"Iglesia Smirna\",\"url\":\"https:\\\/\\\/smirna.cl\\\/wordpress\\\/\",\"logo\":{\"@type\":\"ImageObject\",\"inLanguage\":\"es\",\"@id\":\"https:\\\/\\\/smirna.cl\\\/wordpress\\\/#\\\/schema\\\/logo\\\/image\\\/\",\"url\":\"http:\\\/\\\/smirna.cl\\\/wordpress\\\/wp-content\\\/uploads\\\/2017\\\/11\\\/logo-1.jpg\",\"contentUrl\":\"http:\\\/\\\/smirna.cl\\\/wordpress\\\/wp-content\\\/uploads\\\/2017\\\/11\\\/logo-1.jpg\",\"width\":65,\"height\":72,\"caption\":\"Iglesia Smirna\"},\"image\":{\"@id\":\"https:\\\/\\\/smirna.cl\\\/wordpress\\\/#\\\/schema\\\/logo\\\/image\\\/\"},\"sameAs\":[\"http:\\\/\\\/www.facebook.com\\\/iglesiasmirna\\\/\",\"https:\\\/\\\/www.youtube.com\\\/channel\\\/UCNLg72edfDxAGpMGOHgxXMA\"]}]}<\/script>\n<!-- \/ Yoast SEO plugin. -->","yoast_head_json":{"title":"Organizaciones relacionadas - Iglesia Smirna","robots":{"index":"index","follow":"follow","max-snippet":"max-snippet:-1","max-image-preview":"max-image-preview:large","max-video-preview":"max-video-preview:-1"},"canonical":"https:\/\/smirna.cl\/wordpress\/organizaciones-relacionadas\/","og_locale":"es_ES","og_type":"article","og_title":"Organizaciones relacionadas - Iglesia Smirna","og_description":"Smirna es parte de las siguientes organizaciones dedicadas a la defensa de la fe: Presbiterio Fundamentalista B\u00edblico Confederaci\u00f3n de Iglesias Evang\u00e9licas Fundamentalistas","og_url":"https:\/\/smirna.cl\/wordpress\/organizaciones-relacionadas\/","og_site_name":"Iglesia Smirna","article_publisher":"http:\/\/www.facebook.com\/iglesiasmirna\/","article_modified_time":"2024-08-19T23:13:59+00:00","og_image":[{"url":"http:\/\/smirna.cl\/wordpress\/wp-content\/uploads\/2017\/11\/Logo_IPFB-aprobado-por-Presbiterio-general-2017-294x300.png","type":"","width":"","height":""}],"twitter_misc":{"Tiempo de lectura":"1 minuto"},"schema":{"@context":"https:\/\/schema.org","@graph":[{"@type":"WebPage","@id":"https:\/\/smirna.cl\/wordpress\/organizaciones-relacionadas\/","url":"https:\/\/smirna.cl\/wordpress\/organizaciones-relacionadas\/","name":"Organizaciones relacionadas - Iglesia Smirna","isPartOf":{"@id":"https:\/\/smirna.cl\/wordpress\/#website"},"primaryImageOfPage":{"@id":"https:\/\/smirna.cl\/wordpress\/organizaciones-relacionadas\/#primaryimage"},"image":{"@id":"https:\/\/smirna.cl\/wordpress\/organizaciones-relacionadas\/#primaryimage"},"thumbnailUrl":"http:\/\/smirna.cl\/wordpress\/wp-content\/uploads\/2017\/11\/Logo_IPFB-aprobado-por-Presbiterio-general-2017-294x300.png","datePublished":"2017-11-23T23:59:33+00:00","dateModified":"2024-08-19T23:13:59+00:00","breadcrumb":{"@id":"https:\/\/smirna.cl\/wordpress\/organizaciones-relacionadas\/#breadcrumb"},"inLanguage":"es","potentialAction":[{"@type":"ReadAction","target":["https:\/\/smirna.cl\/wordpress\/organizaciones-relacionadas\/"]}]},{"@type":"ImageObject","inLanguage":"es","@id":"https:\/\/smirna.cl\/wordpress\/organizaciones-relacionadas\/#primaryimage","url":"https:\/\/smirna.cl\/wordpress\/wp-content\/uploads\/2017\/11\/Logo_IPFB-aprobado-por-Presbiterio-general-2017.png","contentUrl":"https:\/\/smirna.cl\/wordpress\/wp-content\/uploads\/2017\/11\/Logo_IPFB-aprobado-por-Presbiterio-general-2017.png","width":2550,"height":2600},{"@type":"BreadcrumbList","@id":"https:\/\/smirna.cl\/wordpress\/organizaciones-relacionadas\/#breadcrumb","itemListElement":[{"@type":"ListItem","position":1,"name":"Home","item":"https:\/\/smirna.cl\/wordpress\/"},{"@type":"ListItem","position":2,"name":"Organizaciones relacionadas"}]},{"@type":"WebSite","@id":"https:\/\/smirna.cl\/wordpress\/#website","url":"https:\/\/smirna.cl\/wordpress\/","name":"Iglesia Smirna","description":"Iglesia Smirna","publisher":{"@id":"https:\/\/smirna.cl\/wordpress\/#organization"},"potentialAction":[{"@type":"SearchAction","target":{"@type":"EntryPoint","urlTemplate":"https:\/\/smirna.cl\/wordpress\/?s={search_term_string}"},"query-input":{"@type":"PropertyValueSpecification","valueRequired":true,"valueName":"search_term_string"}}],"inLanguage":"es"},{"@type":"Organization","@id":"https:\/\/smirna.cl\/wordpress\/#organization","name":"Iglesia Smirna","url":"https:\/\/smirna.cl\/wordpress\/","logo":{"@type":"ImageObject","inLanguage":"es","@id":"https:\/\/smirna.cl\/wordpress\/#\/schema\/logo\/image\/","url":"http:\/\/smirna.cl\/wordpress\/wp-content\/uploads\/2017\/11\/logo-1.jpg","contentUrl":"http:\/\/smirna.cl\/wordpress\/wp-content\/uploads\/2017\/11\/logo-1.jpg","width":65,"height":72,"caption":"Iglesia Smirna"},"image":{"@id":"https:\/\/smirna.cl\/wordpress\/#\/schema\/logo\/image\/"},"sameAs":["http:\/\/www.facebook.com\/iglesiasmirna\/","https:\/\/www.youtube.com\/channel\/UCNLg72edfDxAGpMGOHgxXMA"]}]}},"_links":{"self":[{"href":"https:\/\/smirna.cl\/wordpress\/wp-json\/wp\/v2\/pages\/272","targetHints":{"allow":["GET"]}}],"collection":[{"href":"https:\/\/smirna.cl\/wordpress\/wp-json\/wp\/v2\/pages"}],"about":[{"href":"https:\/\/smirna.cl\/wordpress\/wp-json\/wp\/v2\/types\/page"}],"author":[{"embeddable":true,"href":"https:\/\/smirna.cl\/wordpress\/wp-json\/wp\/v2\/users\/1"}],"replies":[{"embeddable":true,"href":"https:\/\/smirna.cl\/wordpress\/wp-json\/wp\/v2\/comments?post=272"}],"version-history":[{"count":5,"href":"https:\/\/smirna.cl\/wordpress\/wp-json\/wp\/v2\/pages\/272\/revisions"}],"predecessor-version":[{"id":3363,"href":"https:\/\/smirna.cl\/wordpress\/wp-json\/wp\/v2\/pages\/272\/revisions\/3363"}],"wp:attachment":[{"href":"https:\/\/smirna.cl\/wordpress\/wp-json\/wp\/v2\/media?parent=272"}],"curies":[{"name":"wp","href":"https:\/\/api.w.org\/{rel}","templated":true}]}}